{"id":13563,"date":"2019-05-29T12:58:39","date_gmt":"2019-05-29T10:58:39","guid":{"rendered":"https:\/\/dcpcommunity.tresor.gouv.ci\/community\/forum-2\/"},"modified":"2019-05-29T12:58:39","modified_gmt":"2019-05-29T10:58:39","slug":"forum-2","status":"publish","type":"page","link":"https:\/\/dcpcommunity.tresor.gouv.ci\/community\/forum-2\/","title":{"rendered":"Forum"},"content":{"rendered":"<div id=\"af-wrapper\"><div id=\"forum-header\"><div id=\"forum-navigation-mobile\"><a><span class=\"fas fa-bars\"><\/span>Menu<\/a><\/div><span class=\"screen-reader-text\">Navigation du forum<\/span><div id=\"forum-navigation\"><a class=\"home-link\" href=\"https:\/\/dcpcommunity.tresor.gouv.ci\/community\/forum-3\" target=\"_self\">Forum<\/a><a class=\"members-link\" href=\"https:\/\/dcpcommunity.tresor.gouv.ci\/community\/forum-3\/members\/\" target=\"_self\">Membres<\/a><a class=\"activity-link\" href=\"https:\/\/dcpcommunity.tresor.gouv.ci\/community\/forum-3\/activity\/\" target=\"_self\">Activit\u00e9<\/a><a class=\"login-link\" href=\"https:\/\/dcpcommunity.tresor.gouv.ci\/community\/wp-login.php?redirect_to=https%3A%2F%2Fdcpcommunity.tresor.gouv.ci%2Fcommunity%2Fwp-json%2Fwp%2Fv2%2Fpages%2F13563\" target=\"_self\">Se connecter<\/a><\/div><div id=\"forum-search\"><span class=\"search-icon fas fa-search\"><\/span><form method=\"get\" action=\"https:\/\/dcpcommunity.tresor.gouv.ci\/community\/forum-3\/search\/\"><input name=\"keywords\" type=\"search\" placeholder=\"Recherche\u2026\" value=\"\"><\/form><\/div><div class=\"clear\"><\/div><\/div><div id=\"forum-breadcrumbs\" itemscope itemtype=\"http:\/\/schema.org\/BreadcrumbList\"><span class=\"screen-reader-text\">Fil d\u2019Ariane du forum\u202f\u2013 Vous \u00eates ici\u202f:<\/span><span class=\"breadcrumb-icon fas fa-home\"><\/span><span itemprop=\"itemListElement\" itemscope itemtype=\"https:\/\/schema.org\/ListItem\"><a itemprop=\"item\" href=\"https:\/\/dcpcommunity.tresor.gouv.ci\/community\/forum-3\" title=\"Forum\"><span itemprop=\"name\">Forum<\/span><\/a><meta itemprop=\"position\" content=\"1\"><\/span><span class=\"breadcrumb-icon fas fa-chevron-right separator\"><\/span><\/div><h1 class=\"main-title main-title-\">Forum<\/h1><div class=\"title-element\" id=\"forum-category-58\">Espace d\u2019\u00e9change sur la Comptabilit\u00e9<span class=\"last-post-headline\">Dernier message\u202f:<\/span><\/div><div class=\"content-container\"><div class=\"content-element forum\" id=\"forum-2\"><div class=\"forum-status unread\"><i class=\"fas fa-comments\"><\/i><\/div><div class=\"forum-name\"><a class=\"forum-title\" href=\"https:\/\/dcpcommunity.tresor.gouv.ci\/community\/forum-3\/forum\/applicatif-aljaster\/\">Applicatif ALJASTER<\/a><small class=\"forum-description\">Poster ici toutes vos pr\u00e9occupation concernant l&#039;applicatif ALJASTER. Ensemble nous essaierons de trouver des solutions aux probl\u00e8mes qui se posent \u00e0 nous dans l&#039;exercice de nos activit\u00e9s.<\/small><small class=\"forum-stats\">3 sujets&nbsp;&middot;&nbsp;6 messages<\/small><small class=\"forum-lastpost-small\">Dernier article\u00a0:&nbsp;<a href=\"https:\/\/dcpcommunity.tresor.gouv.ci\/community\/forum-3\/topic\/deploiement-d-aljaster-dans-les-paieries-a-l-etranger\/#postid-10\">d\u00e9ploiement  d&#039; Aljaster dans les  &#8230;<\/a>&nbsp;&middot;&nbsp;<a href=\"https:\/\/dcpcommunity.tresor.gouv.ci\/community\/forum-3\/topic\/deploiement-d-aljaster-dans-les-paieries-a-l-etranger\/#postid-10\">il y a 6 ans <\/a>&nbsp;&middot;&nbsp;<a class=\"profile-link highlight-default\" href=\"https:\/\/dcpcommunity.tresor.gouv.ci\/community\/forum-3\/profile\/373137Y\/\">DIOMANDE MESSOTIGUI<\/a><\/small><\/div><div class=\"forum-poster\"><div class=\"forum-poster-avatar\"><img data-del=\"avatar\" src='https:\/\/dcpcommunity.tresor.gouv.ci\/community\/wp-content\/uploads\/2019\/06\/373137Y-150x150.jpg' class='avatar pp-user-avatar avatar-40 photo ' height='40' width='40'\/><\/div><div class=\"forum-poster-summary\"><a href=\"https:\/\/dcpcommunity.tresor.gouv.ci\/community\/forum-3\/topic\/deploiement-d-aljaster-dans-les-paieries-a-l-etranger\/#postid-10\">d\u00e9ploiement  d&#039; Aljaster  &#8230;<\/a><br><small><a href=\"https:\/\/dcpcommunity.tresor.gouv.ci\/community\/forum-3\/topic\/deploiement-d-aljaster-dans-les-paieries-a-l-etranger\/#postid-10\">il y a 6 ans <\/a><span>&nbsp;&middot;&nbsp;<\/span><a class=\"profile-link highlight-default\" href=\"https:\/\/dcpcommunity.tresor.gouv.ci\/community\/forum-3\/profile\/373137Y\/\">DIOMANDE MESSOTIGUI<\/a><\/small><\/div><\/div><\/div><div class=\"content-element forum\" id=\"forum-3\"><div class=\"forum-status unread\"><i class=\"fas fa-comments\"><\/i><\/div><div class=\"forum-name\"><a class=\"forum-title\" href=\"https:\/\/dcpcommunity.tresor.gouv.ci\/community\/forum-3\/forum\/applicatifs-sigcot-et-sigepn\/\">Applicatifs SIGCOT et SIGEPN<\/a><small class=\"forum-description\">Poster ici toutes vos pr\u00e9occupation concernant les applicatifs SIGCOT et SIGEPN. Ensemble nous essaierons de trouver des solutions aux probl\u00e8mes qui se posent \u00e0 nous dans l&#039;exercice de nos activit\u00e9s.<\/small><small class=\"forum-stats\">1 sujet&nbsp;&middot;&nbsp;1 message<\/small><small class=\"forum-lastpost-small\">Dernier article\u00a0:&nbsp;<a href=\"https:\/\/dcpcommunity.tresor.gouv.ci\/community\/forum-3\/topic\/applicatifs-sigcot-et-sigepn\/#postid-4\">Applicatifs SIGCOT et SIGEPN<\/a>&nbsp;&middot;&nbsp;<a href=\"https:\/\/dcpcommunity.tresor.gouv.ci\/community\/forum-3\/topic\/applicatifs-sigcot-et-sigepn\/#postid-4\">il y a 7 ans <\/a>&nbsp;&middot;&nbsp;<a class=\"profile-link highlight-admin\" href=\"https:\/\/dcpcommunity.tresor.gouv.ci\/community\/forum-3\/profile\/dcpcommunity\/\">dcpcommunity<\/a><\/small><\/div><div class=\"forum-poster\"><div class=\"forum-poster-avatar\"><img alt='' src='https:\/\/secure.gravatar.com\/avatar\/792caa2f720c7489ac58e4fef0b7f71a2bc5c4c6cf8873e20689dc8a679370cb?s=40&#038;d=mm&#038;r=g' srcset='https:\/\/secure.gravatar.com\/avatar\/792caa2f720c7489ac58e4fef0b7f71a2bc5c4c6cf8873e20689dc8a679370cb?s=80&#038;d=mm&#038;r=g 2x' class='avatar avatar-40 photo' height='40' width='40' \/><\/div><div class=\"forum-poster-summary\"><a href=\"https:\/\/dcpcommunity.tresor.gouv.ci\/community\/forum-3\/topic\/applicatifs-sigcot-et-sigepn\/#postid-4\">Applicatifs SIGCOT et SIG &#8230;<\/a><br><small><a href=\"https:\/\/dcpcommunity.tresor.gouv.ci\/community\/forum-3\/topic\/applicatifs-sigcot-et-sigepn\/#postid-4\">il y a 7 ans <\/a><span>&nbsp;&middot;&nbsp;<\/span><a class=\"profile-link highlight-admin\" href=\"https:\/\/dcpcommunity.tresor.gouv.ci\/community\/forum-3\/profile\/dcpcommunity\/\">dcpcommunity<\/a><\/small><\/div><\/div><\/div><div class=\"content-element forum\" id=\"forum-4\"><div class=\"forum-status unread\"><i class=\"fas fa-comments\"><\/i><\/div><div class=\"forum-name\"><a class=\"forum-title\" href=\"https:\/\/dcpcommunity.tresor.gouv.ci\/community\/forum-3\/forum\/production-des-comptes-de-gestion-et-compte-financier\/\">Production des Comptes de Gestion et Compte Financier<\/a><small class=\"forum-description\">Poster ici toutes vos pr\u00e9occupation concernant la production des Comptes de Gestion et Compte Financier. Ensemble nous essaierons de trouver des solutions aux probl\u00e8mes qui se posent \u00e0 nous dans l&#039;exercice de nos activit\u00e9s.<\/small><small class=\"forum-stats\">1 sujet&nbsp;&middot;&nbsp;2 messages<\/small><small class=\"forum-lastpost-small\">Dernier article\u00a0:&nbsp;<a href=\"https:\/\/dcpcommunity.tresor.gouv.ci\/community\/forum-3\/topic\/production-des-comptes-de-gestion-et-compte-financier\/#postid-7\">Production des Comptes de Gestion  &#8230;<\/a>&nbsp;&middot;&nbsp;<a href=\"https:\/\/dcpcommunity.tresor.gouv.ci\/community\/forum-3\/topic\/production-des-comptes-de-gestion-et-compte-financier\/#postid-7\">il y a 7 ans <\/a>&nbsp;&middot;&nbsp;<a class=\"profile-link highlight-default\" href=\"https:\/\/dcpcommunity.tresor.gouv.ci\/community\/forum-3\/profile\/000526e\/\">ANE GUY EDGARD EBRIN<\/a><\/small><\/div><div class=\"forum-poster\"><div class=\"forum-poster-avatar\"><img data-del=\"avatar\" src='https:\/\/dcpcommunity.tresor.gouv.ci\/community\/wp-content\/uploads\/2019\/06\/000526E-150x150.jpg' class='avatar pp-user-avatar avatar-40 photo ' height='40' width='40'\/><\/div><div class=\"forum-poster-summary\"><a href=\"https:\/\/dcpcommunity.tresor.gouv.ci\/community\/forum-3\/topic\/production-des-comptes-de-gestion-et-compte-financier\/#postid-7\">Production des Comptes de &#8230;<\/a><br><small><a href=\"https:\/\/dcpcommunity.tresor.gouv.ci\/community\/forum-3\/topic\/production-des-comptes-de-gestion-et-compte-financier\/#postid-7\">il y a 7 ans <\/a><span>&nbsp;&middot;&nbsp;<\/span><a class=\"profile-link highlight-default\" href=\"https:\/\/dcpcommunity.tresor.gouv.ci\/community\/forum-3\/profile\/000526e\/\">ANE GUY EDGARD EBRIN<\/a><\/small><\/div><\/div><\/div><\/div><div id=\"read-unread\"><span class=\"indicator unread\"><\/span><span class=\"indicator-label\">Nouvelles publications<\/span><span class=\"indicator read\"><\/span><span class=\"indicator-label\">Rien de nouveau<\/span><span class=\"indicator-label\"><span class=\"fas fa-check\"><\/span><a href=\"https:\/\/dcpcommunity.tresor.gouv.ci\/community\/forum-3\/markallread\/?_wpnonce=4fa33c89b2\">Tout marquer comme lu<\/a><\/span><span class=\"indicator-label\"><span class=\"fas fa-history\"><\/span><a href=\"https:\/\/dcpcommunity.tresor.gouv.ci\/community\/forum-3\/unread\/\">Afficher les sujets non lus<\/a><\/span><div class=\"clear\"><\/div><\/div><div id=\"statistics\"><div class=\"title-element title-element-dark\"><span class=\"title-element-icon fas fa-chart-pie\"><\/span>Statistiques<\/div><div id=\"statistics-body\"><div id=\"statistics-elements\"><div class=\"statistics-element\"><div class=\"element-number\"><span class=\"statistics-element-icon far fa-comments\"><\/span>5<\/div><div class=\"element-name\">Sujets<\/div><\/div><div class=\"statistics-element\"><div class=\"element-number\"><span class=\"statistics-element-icon far fa-comment\"><\/span>9<\/div><div class=\"element-name\">Messages<\/div><\/div><div class=\"statistics-element\"><div class=\"element-number\"><span class=\"statistics-element-icon far fa-eye\"><\/span>78<\/div><div class=\"element-name\">Vues<\/div><\/div><div class=\"statistics-element\"><div class=\"element-number\"><span class=\"statistics-element-icon far fa-user\"><\/span>246<\/div><div class=\"element-name\">Utilisateurs<\/div><\/div><div class=\"statistics-element\"><div class=\"element-number\"><span class=\"statistics-element-icon far fa-lightbulb\"><\/span>0<\/div><div class=\"element-name\">En ligne<\/div><\/div><\/div><div id=\"statistics-online-users\"><span class=\"online-users-icon fas fa-user\"><\/span>Membre le plus r\u00e9cent\u00a0:&nbsp;<i><a class=\"profile-link highlight-default\" href=\"https:\/\/dcpcommunity.tresor.gouv.ci\/community\/forum-3\/profile\/279376Z\/\">N'GUETTIA KOUAME FEDI FRANCIS<\/a><\/i>&nbsp;&middot;&nbsp;<span class=\"online-users-icon fas fa-users\"><\/span><i>Personne n\u2019est actuellement en ligne.<\/i><\/div><\/div><div class=\"clear\"><\/div><\/div><div id=\"bottom-navigation\"><\/div><div class=\"clear\"><\/div><\/div>\n","protected":false},"excerpt":{"rendered":"","protected":false},"author":0,"featured_media":0,"parent":0,"menu_order":0,"comment_status":"closed","ping_status":"closed","template":"","meta":{"footnotes":""},"class_list":["post-13563","page","type-page","status-publish","hentry"],"_links":{"self":[{"href":"https:\/\/dcpcommunity.tresor.gouv.ci\/community\/wp-json\/wp\/v2\/pages\/13563","targetHints":{"allow":["GET"]}}],"collection":[{"href":"https:\/\/dcpcommunity.tresor.gouv.ci\/community\/wp-json\/wp\/v2\/pages"}],"about":[{"href":"https:\/\/dcpcommunity.tresor.gouv.ci\/community\/wp-json\/wp\/v2\/types\/page"}],"replies":[{"embeddable":true,"href":"https:\/\/dcpcommunity.tresor.gouv.ci\/community\/wp-json\/wp\/v2\/comments?post=13563"}],"version-history":[{"count":1,"href":"https:\/\/dcpcommunity.tresor.gouv.ci\/community\/wp-json\/wp\/v2\/pages\/13563\/revisions"}],"predecessor-version":[{"id":13566,"href":"https:\/\/dcpcommunity.tresor.gouv.ci\/community\/wp-json\/wp\/v2\/pages\/13563\/revisions\/13566"}],"wp:attachment":[{"href":"https:\/\/dcpcommunity.tresor.gouv.ci\/community\/wp-json\/wp\/v2\/media?parent=13563"}],"curies":[{"name":"wp","href":"https:\/\/api.w.org\/{rel}","templated":true}]}}